hat is the tens digit of l?
4
Suppose 942 = r + 3*p, -56*r = -58*r + p + 1905. What is the units digit of r?
1
Suppose y - 8*y = 42. What is the units digit of (-3)/(-6) + -1*111/y?
9
Let u be ((-48)/(-30))/(1 - (-14)/(-10)). What is the hundreds digit of 0 - u - (18 - 250)?
2
Suppose 0 = -5*z - 2*u - 4, -5*z = 5*u - 0 + 10. Suppose z = -5*o + 780 + 395. What is the tens digit of o?
3
Let r = 32 - 37. What is the units digit of 35/14*(-6)/r?
3
Let d = -23 + 66. Let p = 60 - d. Suppose 35 + p = n. What is the units digit of n?
2
Suppose -4*u = -2*z + 20, 0 = -2*u - 3*u - 3*z - 3. Let x be -3 - u - (-18)/6. Suppose 5*f - 59 = -x*k + 127, -3 = -f. What is the tens digit of k?
5
Suppose -27*i = 526 - 3685. What is the units digit of i?
7
Suppose 0 = -t + 1 + 9. Let x be (t/(-15))/(2/(-15)). Suppose 5*v + 81 = 3*r, -61 = -x*r - v + 46. What is the units digit of r?
2
Suppose -11*o + 276 = o. What is the tens digit of o?
2
Suppose 137*p - 126*p - 20955 = 0. What is the tens digit of p?
0
Let i = 19 + -15. What is the tens digit of i*(75/5 + -4)?
4
Let t(i) = -18*i**3 - 6*i**2 - 9. What is the units digit of t(-5)?
1
Suppose 0*o - o = 6. Let l(s) = -3*s**2 - 2. Let p be l(2). What is the tens digit of (40/o)/(p/105)?
5
Suppose -8*p = 512 - 6280. What is the hundreds digit of p?
7
Let w = 12 - 10. Suppose w*l + 4*h + 2 = 0, -3 = 4*h - 3*h. Suppose 0 = l*r - 4*x - 109, r - 25 = -5*x - 9. What is the tens digit of r?
2
Suppose -t = -2*c - 1232, 0 = -4*t - 5*c + 3222 + 1667. What is the hundreds digit of t?
2
Let v = -755 + 1027. What is the units digit of v?
2
Let t(c) = -c**3 + 8*c**2 - c - 7. Let n be t(9). Let u = 184 - n. What is the tens digit of u?
8
Suppose 36740 = 38*f - 18*f. What is the hundreds digit of f?
8
Suppose 3*s + 12 = 7*s - 2*y, 0 = -5*s - 5*y + 45. Suppose s*z + b = 7*z - 377, 383 = 2*z + b. What is the tens digit of z?
9
Let k be (2 + -1)*90/5. Let w be (-4)/k + (-228)/(-54). Suppose -w*u + 152 = 44. What is the units digit of u?
7
Let r be (-289)/(-51) + 2/(-3). Suppose -3*b - 9 = -2*y + y, -r*y = -2*b + 20. Let d(a) = -a**2 - 7*a - 3. What is the units digit of d(y)?
3
Let t be 1/2 + (-35)/(-10). Let r(n) = 21*n + 3. What is the tens digit of r(t)?
8
Let p(m) = -m**3 - 9*m**2 + m + 1. Let x be p(-9). Let n(f) = f**3 + 9*f**2 - 2*f - 1. What is the tens digit of n(x)?
7
Let i(h) = 2*h**3 + 12*h**2 - 13*h + 12. Let l(m) = m**3 + 6*m**2 - 6*m + 6. Let k(w) = -6*i(w) + 13*l(w). What is the units digit of k(-6)?
6
Let z(m) = -m - 12*m**2 + 16*m**2 - 6*m + m**3 - 9*m**2 - 3. Let l be z(6). What is the tens digit of 12/l*(-114)/4?
3
Let o(v) = -v**3 - 6*v**2 + 9*v + 9. Let f be o(-7). Suppose -10 = -3*y + 26. Let g = f + y. What is the units digit of g?
7
Let y = 6 - -116. What is the units digit of y?
2
Suppose -10559 + 1931 = -12*r. What is the units digit of r?
9
Let l = 2841 - 1483. What is the units digit of l?
8
Let l be 4/(-8)*-1*4. Suppose -5*o = 3*s - 105, 3*o - 14 = l*o - 2*s. What is the tens digit of o?
2
Let m(t) = 18*t - 2. What is the tens digit of m(8)?
4
Suppose 0 = -2*n - 2*n - 8. What is the tens digit of -8 + 9 - (n - 74)?
7
What is the thousands digit of (-3)/((-9)/11364) - (-2)/2?
3
What is the hundreds digit of 9062/23*14/4?
3
Suppose 12*v = 8*v + 8, 4*v = 3*x - 1. What is the units digit of x?
3
Let y be (-640)/(-24)*12/(-10). Let x = y + 72. Suppose -3*r + x = -r. What is the units digit of r?
0
Let f = 1047 + -207. What is the hundreds digit of f?
8
Let w = -470 + 2605. What is the hundreds digit of w?
1
Suppose 7*k - 128 = 3*k. Let z = -31 + k. What is the units digit of 28 - 9*z/3?
5
Let w be (26/6)/(1/3). Suppose 0 = 4*l + w - 173. What is the tens digit of (-218)/(-10) + 8/l?
2
Suppose 10435 = 7*y - 2*y. What is the tens digit of y?
8
Suppose 287 = 5*d - 463. Let h = d + -86. What is the tens digit of h?
6
Let t be (17/4)/(1/4). Let n(j) = 10*j - t + 17. What is the units digit of n(2)?
0
What is the hundreds digit of (-1 - -3)/((-2 - -1)/(-67))?
1
Let d be (-6)/(-21) - 24/(-14). Let j(c) = c**3 + 0 + 12 - 10*c**2 - 7*c + 3*c**d. What is the units digit of j(8)?
0
Let c be -2*1/(8/(-12)). Suppose 3*j = -4*v + 509, c*j + 21 - 514 = 4*v. What is the units digit of j?
7
Suppose -j + 4 = 0, -c - c - 5*j + 26 = 0. Let f = 33 - c. What is the tens digit of f?
3
Suppose -5*k + 0*k = -50. Let m(w) be the first derivative of w**2/2 - 7*w - 7. What is the units digit of m(k)?
3
Let w(m) = -m**2 + m + 3. Let s be w(0). What is the tens digit of ((-60)/(-9))/(2/27*s)?
3
Let w(b) = -b**3 + 11*b**2 - 2*b - 38. What is the tens digit of w(7)?
4
What is the units digit of (-32 - -4)/7 - -1484?
0
Let n be 40*1/(2 + 0). Suppose n*l = 16*l + 16. What is the tens digit of l/(8/(-6)) + 16?
1
Suppose 2296 = 7*z + 721. Let c = -33 + z. What is the tens digit of c?
9
What is the units digit of (-117)/(-6)*(-6670)/(-69)?
5
Let a = -711 + 1509. What is the hundreds digit of a?
7
Let u be 3 - 4 - -8 - -4. Suppose -u*a + 8*a = -120. What is the units digit of a?
0
Let q(f) = f**2 + 17. Suppose 58 - 8 = 5*i + 2*n, 4*n - 30 = -3*i. What is the hundreds digit of q(i)?
1
Let n(v) = -2*v**3 + 4*v**2 + v - 2. Let q be n(2). Suppose -3*t + 5*f + 111 = q, 4*t + 2*f + 2*f - 148 = 0. What is the units digit of t?
7
Let f(l) be the first derivative of -35*l**2/2 - 4*l + 38. What is the hundreds digit of f(-4)?
1
Suppose 0*w - 3*w + 42 = 3*d, 3*w - 82 = 5*d. Suppose -916 = 15*u - w*u. What is the tens digit of u?
2
Let t = 1033 + -2648. Let g be t/(-25) - (-2)/5. Suppose 5*j + g = 5*l, 0 = -4*l + 3*j + 50 + 3. What is the tens digit of l?
1
Suppose -n - o = 4*o - 265, 25 = 5*o. What is the units digit of n?
0
Let s(j) = -j**3 - 13*j**2 - 20*j - 20. Let i be s(-10). Let u = 226 + i. What is the units digit of u?
6
Suppose 0 = -390*g + 401*g - 49280. What is the hundreds digit of g?
4
Suppose -172133 = -30*r - 48743. What is the thousands digit of r?
4
Let p = -12 + 15. Suppose -s = p*s. Suppose -t - 2 + 3 = s. What is the units digit of t?
1
Let n = -662 + 806. What is the tens digit of n?
4
Let g(v) = -v**3 + v**2 + 3*v - 2. Let f be g(2). Suppose -5*d - 33 = -5*n - d, -2*n + d + 15 = f. Let b = n - -1. What is the tens digit of b?
1
Suppose -6 = 3*u - 4*u + 3*l, 4*l - 12 = -2*u. Let y(j) = 16*j - 2*j - 5*j - 7*j - 5. What is the units digit of y(u)?
7
Suppose 2*p + 2 = -12. Let i(a) = a**2 - 5*a - 20. What is the units digit of i(p)?
4
Let b(n) = n**2 + 7*n - 6. Let w(q) = -1. Let y(d) = b(d) + 2*w(d). Let p be y(-8). Let v(k) = -k**3 - k + 9. What is the units digit of v(p)?
9
Let b(c) = c. Suppose 4*k - 3*x - 8 = x, 22 = 5*k - x. Let g = k - 0. What is the units digit of b(g)?
5
Suppose 5*w - 9*w = -1008. Let q be ((-20)/(-6))/(7/w). What is the units digit of 6/(-5)*q/(-9)?
6
Let k be (8/6)/(6/261). Suppose a + a - 42 = 0. Let y = k - a. What is the units digit of y?
7
Let v(p) = -p**2 - 9*p - 16. Let m be v(-6). What is the tens digit of 4*m/4*483/14?
6
Let y = 7 + -2. Let a(i) be the second derivative of 4*i**3/3 - 5*i**2/2 + 2*i. What is the tens digit of a(y)?
3
Let s(v) = v**3 + v + 13. Let c be 3/2*(-12)/(-9). Let g be c/(-6) + 2/6. What is the units digit of s(g)?
3
Suppose -62 = -u - 559. Let j = -306 - u. What is the units digit of j?
1
Let q = 132 - 99. Suppose 36*y - 219 = q*y. What is the units digit of y?
3
Let j = 298 - 96. Let p = -110 + j. What is the units digit of p?
2
What is the units digit of 10*395 + -6 + -4 + 4?
4
Suppose -2*c - 5*d + 2499 = 0, 0 = -2*c - 6*d + 3*d + 2493. What is the units digit of c?
2
Let d(k) = 2*k - 1. Let z be d(3). Suppose -15 = -z*g - 0. Suppose -g*j + 18 = 2*m, 0*m - 6 = -2*m. What is the units digit of j?
4
Let i(o) = -o**2 + 10*o - 5. Let k be i(10). Let c be (12/(-15))/((-1)/k). What is the units digit of (2 - c)*(-5)/(-6)?
5
Let m(b) = -2*b**3 - 8*b**2 - 58*b + 4. What is the hundreds digit of m(-7)?
7
Suppose -c - 2*q = -7, -q + 4 = q. Suppose -c*m = m - 32. Suppose 2*h = -0*h + m, 4*h + 64 = 5*y. What is the tens digit of y?
1
Let i(m) = -17*m - 3. Let x be i(-3). Suppose x = -d + 2*d. What is the tens digit of d?
4
Suppose 70*c - 186620 = -16*c. What is the hundreds digit of c?
1
Suppose 6*c - 9536 = -2*c. What is the hundreds digit of c?
1
Let s(u) = -1 + 816*u**2 - u - 410*u**2 - 